7. Calculate v(2).
57
Let q(p) = -87*p + 82. Calculate q(13).
-1049
Let p(s) = 497*s + 46935. Calculate p(-94).
217
Let m(i) = -2*i**3 - 4*i**2 - 77*i + 511. Calculate m(4).
11
Let s(v) = -36*v**3 + 143*v**2 + 11*v - 21. What is s(4)?
7
Let x(h) = -12*h**2 + 51*h - 115. What is x(11)?
-1006
Let w(d) = -3*d**2 - 7*d + 2734. Calculate w(44).
-3382
Let v(s) = -3*s**2 - 632*s - 2210. What is v(-207)?
67
Let r(o) = 17*o**2 - 198*o + 842. Determine r(5).
277
Let b(p) = -1243*p + 3663. Determine b(3).
-66
Let b(w) = 104*w**2 + 297*w - 98. Determine b(-3).
-53
Let x(c) = -3*c**2 + 115*c + 321. Give x(-3).
-51
Let m(q) = -192*q - 236. Determine m(0).
-236
Let f(n) = -31*n - 6235. Calculate f(-203).
58
Let z(a) = -22*a**2 + 1926*a + 131217. Give z(-45).
-3
Let j(b) = -20*b**3 + 78*b**2 + 67*b - 230. Calculate j(4).
6
Let z(m) = 2628*m - 15209. What is z(6)?
559
Let s(t) = -4276*t + 59873. Give s(14).
9
Let x(y) = -y**3 + 575*y**2 + 4047*y + 15711. What is x(582)?
-3
Let y(l) = 86*l**2 - 145*l - 474. Calculate y(-3).
735
Let p(b) = 261992*b - 1047965. Determine p(4).
3
Let u(f) = 5829949*f + 5829947. Determine u(-1).
-2
Let y(w) = -7899*w + 276218. Determine y(35).
-247
Let z(l) = -52*l - 379. Determine z(-7).
-15
Let r(u) = -2*u**2 - 2163*u - 504166. Calculate r(-340).
54
Let t(n) = -265*n**2 + 4948*n + 9901. Give t(-2).
-1055
Let g(n) = -3*n**3 - 117*n**2 - 1132*n - 4322. Give g(-27).
-2
Let f(n) = -13387*n - 66937. What is f(-5)?
-2
Let o(k) = k**3 + 205*k**2 - 621*k + 684. Calculate o(-208).
60
Let x(m) = 4*m**3 + 751*m**2 + 1270*m - 5947. Calculate x(-186).
5
Let v(f) = f**2 + 307*f + 21566. Determine v(-109).
-16
Let x(w) = -4*w**2 - 1600*w + 457803. Determine x(-593).
7
Let s(m) = -3*m**2 - 145*m + 130. Calculate s(-57).
-1352
Let l(m) = -m**3 - 498*m**2 - 3370*m + 32895. Determine l(-491).
-2
Let q(g) = 1642*g**3 + 19709*g**2 + 63*g + 37. Give q(-12).
1
Let d(f) = 89*f - 412. Give d(23).
1635
Let m(o) = 69*o**2 - 401*o - 798. Give m(-2).
280
Let y(h) = -50734*h + 253689. What is y(5)?
19
Let h(p) = -p**2 + 2353*p + 61858. What is h(-26)?
4
Let h(y) = 8396138*y - 58772967. What is h(7)?
-1
Let t(l) = -3*l**3 - 29*l**2 + 172*l + 1699. Determine t(-10).
79
Let j(r) = -2*r**2 - 525*r + 2652. Give j(5).
-23
Let f(c) = c**2 - 727*c + 66919. Determine f(108).
67
Let b(g) = -335*g + 2786. Calculate b(8).
106
Let g(l) = 3*l**2 + 2864*l + 14345. What is g(-5)?
100
Let l(s) = 7*s**2 + 5355*s - 196004. Calculate l(35).
-4
Let d(l) = 49930*l + 50629019. Give d(-1014).
-1
Let g(p) = -13*p**3 - 27*p**2 + 2293*p + 4593. Give g(-2).
3
Let z(d) = -30110*d - 481627. Calculate z(-16).
133
Let w(k) = k**3 + 2*k**2 + 214*k - 14. Calculate w(0).
-14
Let t(i) = -8*i**3 - 71*i**2 + 388*i - 11. Determine t(4).
-107
Let z(c) = -201*c**2 + 1783*c + 245. Give z(9).
11
Let b(l) = -228106*l + 2052957. Determine b(9).
3
Let k(i) = -2293*i + 319047. What is k(139)?
320
Let y(s) = -17942*s + 592189. Calculate y(33).
103
Let p(j) = j**3 - 233*j**2 - 38640*j - 36. Determine p(-112).
-36
Let d(s) = s**3 - 60*s**2 - 235*s + 30. What is d(-4)?
-54
Let s(t) = -7*t**2 + 611*t + 5847. Determine s(96).
-9
Let k(r) = -4*r**2 + 18*r + 4659. Give k(36).
123
Let d(c) = 2*c**3 - 2*c**2 - 38*c - 31. What is d(0)?
-31
Let u(m) = -2*m**3 - 506*m**2 - 3461*m - 117. What is u(-7)?
2
Let h(k) = 101407*k - 608409. Calculate h(6).
33
Let z(x) = 11*x**3 + 418*x**2 + x + 214. Determine z(-38).
176
Let w(f) = f**3 + 104*f**2 - 2629*f - 713. Give w(-125).
-213
Let g(a) = 23*a**3 + 28*a**2 + 146*a + 200. Determine g(-5).
-2705
Let a(g) = -3*g**3 - 214*g**2 + 154*g + 126. What is a(-72)?
-594
Let z(n) = -8*n**2 - 686*n + 8717. What is z(-97)?
-13
Let m(y) = -69*y**2 - 53*y - 124. What is m(-2)?
-294
Let o(i) = -2*i**3 - 5*i**2 + 4342*i + 8685. Give o(-2).
-3
Let p(d) = d**3 - 30*d**2 - 284*d + 444. What is p(37)?
-481
Let g(w) = -119*w + 9368. What is g(79)?
-33
Let l(x) = -13778*x + 69879. Calculate l(5).
989
Let f(z) = 1178*z - 47105. Calculate f(40).
15
Let z(x) = -x**3 + 58*x**2 - 676*x + 1387. Calculate z(43).
54
Let m(x) = 1428*x - 3120. Calculate m(2).
-264
Let x(g) = -4*g**2 - 5159*g - 71501. Give x(-14).
-59
Let k(l) = 552*l - 231147. Calculate k(419).
141
Let g(a) = 2*a**3 + 486*a**2 - 975*a + 1235. Determine g(-245).
10
Let j(d) = -2*d**2 + 364*d - 16531. What is j(95)?
-1
Let v(r) = -r**3 + 36*r**2 - 130*r + 1027. Give v(33).
4
Let o(g) = 32544*g + 13831172. Give o(-425).
-28
Let q(j) = -3*j**3 + 90*j**2 + 393*j + 501. Determine q(34).
-9
Let m(s) = -28752*s - 402555. Determine m(-14).
-27
Let g(c) = -145*c**2 + 48430*c + 11. What is g(334)?
11
Let o(a) = a**2 - 87*a - 14015. Determine o(-77).
-1387
Let t(b) = b**3 - 6*b**2 - 24*b + 899. Give t(8).
835
Let l(n) = 4112*n + 101618. Determine l(-25).
-1182
Let v(u) = -16*u + 1737. What is v(32)?
1225
Let y(f) = 421553*f - 2529386. Determine y(6).
-68
Let z(t) = -94*t - 12782. Calculate z(-148).
1130
Let w(n) = -303*n**2 + 11275*n - 16. Give w(37).
2352
Let h(x) = -133*x**2 - 691*x + 193. Give h(-4).
829
Let d(r) = -95*r + 3672. Calculate d(42).
-318
Let a(p) = -25*p**2 - 136*p - 64. Give a(-6).
-148
Let c(p) = p**3 - 6*p**2 + 2799*p - 19559. Calculate c(7).
83
Let l(t) = -t**3 + 84*t**2 + 355*t - 7711. Determine l(87).
467
Let b(o) = o**3 - 17*o**2 + 693*o - 15111. Determine b(20).
-51
Let r(n) = -n**3 + 166*n**2 - 961*n + 181. What is r(160)?
21
Let v(x) = -x**2 - 2112*x - 168465. What is v(-83)?
-58
Let b(j) = -8*j**2 - 9203*j + 341740. What is b(36)?
64
Let o(d) = 35467*d - 3369418. Give o(95).
-53
Let i(k) = 2*k**2 + 413*k - 166902. What is i(-410)?
-32
Let z(u) = -11772*u + 94511. Calculate z(8).
335
Let g(c) = 207*c**2 - 2434*c - 606. What is g(12)?
-6
Let x(o) = o**2 - 255*o - 13099. Determine x(-45).
401
Let t(w) = -158*w**2 - 245*w + 751. Give t(3).
-1406
Let v(w) = -7*w**2 - 84*w + 38088. Give v(-80).
8
Let o(z) = -z**3 + 12*z**2 - 120*z + 2877. Give o(19).
-1930
Let w(y) = -y**3 - 183*y**2 - 557*y - 4. Determine w(-3).
47
Let o(v) = 50*v**2 + 250*v - 2. Give o(-1).
-202
Let n(d) = 2*d**3 + 171*d**2 - 809*d - 47671. Calculate n(-87).
5
Let j(p) = 524369*p + 10487376. Give j(-20).
-4
Let i(o) = 97*o - 56138. Calculate i(580).
122
Let i(o) = 2*o**3 - 110*o**2 + 39*o - 2155. What is i(55)?
-10
Let l(b) = b**2 - 368*b + 14622. Calculate l(51).
-1545
Let o(j) = 10*j**3 + 78*j**2 - 25*j + 221. What is o(-6)?
1019
Let y(h) = -h**2 - 548*h - 27650. Give y(-56).
-98
Let r(i) = 661*i - 21130. What is r(32)?
22
Let y(z) = -193*z**2 - 5197*z + 183. Give y(-27).
-195
Let a(k) = k**3 - 330*k**2 + 2212*k + 15845. Calculate a(323).
18
Let v(a) = 6314*a - 151560. What is v(24)?
-24
Let w(l) = -2*l**3 - 24*l**2 + 34*l - 821. What is w(-15)?
19
Let f(h) = 7376*h + 361437. What is f(-49)?
13
Let v(j) = -11*j**3 - 79*j**2 + 35*j - 292. Determine v(-8).
4
Let d(q) = -3*q**3 + 62*q**2 + 958*q - 20017. Give d(19).
-10
Let l(t) = 19*t**2 - 101*t + 4. Determine l(-4).
712
Let n(u) = -u**3 + 201*u**2 + 3480*u + 53. Calculate n(-16).
-75
Let v(n) = 60055*n - 3783476. Determine v(63).
-11
Let z(m) = -m**3 + 155*m**2 - 441*m - 2550. Determine z(152).
-270
Let h(l) = -456230*l + 16880509. Give h(37).
-1
Let p(l) = 134*l**2 - 3258*l - 5878. Determine p(26).
-2
Let v(c) = -c**2 + 276*c + 2978. Give v(-11).
-179
Let k(f) = -f**3 - 245*f**2 - 738*f + 54459. Give k(-241).
-7
Let s(c) = 8368*c + 3840893. What is s(-459)?
-19
Let s(c) = -558447*c - 2792210. Determine s(-5).
25
Let s(t) = t**3 - 37*t**2 - 227*t + 718. Determine s(42).
4
Let q(b) = -3*b**2 - 5102*b - 100800. Give q(-20).
40
Let i(r) = 2875*r - 704357. What is i(245)?
18
Let z(m) = m**2 - 639*m + 100758. Give z(362).
484
Let c(j) = -j**2 + 1145*j + 26883. Determine c(-23).
19
Let j(c) = -26*c + 171. Determine j(0).
171
Let x(g) = -2*g**2 + 128*g + 2303. What is x(-16)?
-257
Let i(r) = r**2 - 1700*r + 38538. What is i(23)?
-33
Let i(m) = 260*m**2 - 2278*m - 4553. Calculate i(-2).
1043
Let z(b) = 7892*b - 197200. Give z(25).
100
Let v(x) = 134*x - 23235. Give v(174).
81
Let j(s) = -6*s**3 - 20*s**2 + 5807*s + 17436. Calculate j(-3).
-3
Let q(u) = -560*u**2 + 8389*u + 117. Give q(15).
-48
Let p(i) = -i**3 + 27*i**2 - 6*i - 2687. Calculate p(20).
-7
Let s(r) = -20*r**2 + 437*r + 71. What is s(22)?
5
Let t(v) = 